t t = 221 + -216. Suppose -3*s + 4*a + 817 = 0, 4*s - 1052 = -9*a + t*a. What are the prime factors of s?
3, 89
Let l(o) = -5*o**2 + 7*o + 5927. List the prime factors of l(0).
5927
Let n(d) = -30*d + 2. Let l be n(1). Let t = l + 32. Suppose -2*j - t*j = -42. List the prime factors of j.
7
Suppose 36 = 4*i + 5*i. Let y be i/14 - (-66)/14. Suppose -405 = -y*z + 110. List the prime factors of z.
103
Suppose -118*p + 34088 = -72938. What are the prime factors of p?
907
Suppose 0 = -o + 1192 + 237. Let q(b) = 3*b**2 + 2*b - 2. Let m be q(5). Suppose 9*t = o + m. What are the prime factors of t?
2, 3, 7
Suppose -5*p + 5089 = f - 1681, p = 3*f + 1338. Let d = -630 + p. What are the prime factors of d?
3, 241
What are the prime factors of 82689 - (17/(-34))/((-2)/(-12))?
2, 3, 2297
Suppose 156 = -3*h - 0*h + 4*l, 4*h + 2*l + 230 = 0. List the prime factors of ((-2520)/(-98))/((-3)/h).
2, 3, 5
Suppose -12*q + 8*q + 26*q - 72622 = 0. What are the prime factors of q?
3301
Suppose -2*f = -3*w - 2224, 2*f - 41*w - 2216 = -42*w. What are the prime factors of f?
1109
Let l(u) = -92*u + 52. Let z be l(-8). Suppose f + 5*h + z = 2*f, f = 3*h + 792. What are the prime factors of f?
2, 3, 7, 19
Suppose 6592 = 4*z - 2564. Suppose -y - 6*y + z = 0. List the prime factors of y.
3, 109
What are the prime factors of (-3 + (-9)/(-4))/((-12)/81376)?
2, 2543
Suppose 9 = -3*j, 2*n - 4*j = -3*j + 1387. Suppose 17*c - 2753 = -4*m + 18*c, m - c = n. List the prime factors of m.
3, 229
Let o(t) = -3*t - 4*t**2 + 5*t**2 + t + 4. Suppose -744*i = -764*i + 100. What are the prime factors of o(i)?
19
Suppose -37 = -t + 11. Let n = t - 82. Let r = 31 - n. List the prime factors of r.
5, 13
Suppose -312 = 4*f + 76. Suppose 0*t + 2*t = -5*x + 830, 0 = -2*x + 2*t + 346. Let h = f + x. What are the prime factors of h?
71
Suppose 0*b = -4*b - 2*f - 64, 5*b = -4*f - 77. What are the prime factors of -12 - b - (-269 + 1)?
3, 7, 13
Suppose 3182 - 1562 = 20*k. Suppose 4*g - 48 = 2*g. Suppose 3*m + 8 = -4*x + k, -x + 5*m + g = 0. What are the prime factors of x?
19
Let c(j) = -29*j - 3. Let n be c(-9). Suppose -41*d + 43*d - n = 0. List the prime factors of d.
3, 43
Let h be 2/(-4) - 255/(-102). What are the prime factors of 446 - 1/h*6/(-1)?
449
Let l(y) be the third derivative of -y**6/60 + y**5/60 - y**4/8 + y**3/3 + 28*y**2. Let t be l(1). What are the prime factors of 14/(3/(t/((-12)/171)))?
7, 19
Let c(k) = 15*k**2 + 26*k + 600 + 17*k**2 - 46*k**2 + 13*k**2. What are the prime factors of c(0)?
2, 3, 5
Let h = 25 - 18. Suppose 5*x - h*x + 482 = 0. Suppose 0 = -3*i + 2*p + 494, 3*i - 739 = 3*p - x. List the prime factors of i.
2, 3
Let o(r) = 746*r**2 + 84*r + 384. List the prime factors of o(-4).
2, 7, 107
Let w be (37 - 49)/(1 + -3). What are the prime factors of 2254/w - 12/(-9)?
13, 29
Let d be 18/(-3) - (-22 + -20). List the prime factors of (-10)/45 + (-2)/d*-12748.
2, 3, 59
Let y be 3/(-6)*-7190 + 25/5. Suppose -18*o = -33*o + y. List the prime factors of o.
2, 3, 5
Let n be (-3 + -5)*2/(2 + -10). List the prime factors of -3 + 3 + n + 327.
7, 47
Let h(r) = -411*r - 5131. List the prime factors of h(-171).
2, 5, 1303
Let m(z) = -4*z + 48. Let n be m(6). List the prime factors of ((-395)/15 + 2)/((-4)/n).
2, 73
Let d = 46 + -32. Suppose -3*r = -v + 7 + 3, 5*v + 3*r = d. Suppose -2*n + v*n - 152 = 0. What are the prime factors of n?
2, 19
Let c be 122/183 + 0 + 4706/6. Suppose c = -18*x + 6815. List the prime factors of x.
5, 67
Suppose -72*d + 5015187 = 44*d + 37*d. List the prime factors of d.
32779
Let b = 56 - 53. Let d = b + -1. Suppose -4*k = 4*j - 404, d*j + 107 = 3*j - 2*k. What are the prime factors of j?
103
Let w(g) = -g**3 - 15*g**2 + 15*g - 9. Let b be w(-16). Suppose p - 508 = -z, -z + b*p + 505 = 5*p. List the prime factors of z.
3, 13
Suppose 53*p - 6409070 + 1868543 = -20*p. List the prime factors of p.
3, 6911
Let p = 6 + 2. Suppose -p*t + 10*t = 148. Suppose 0*f = -f + t. What are the prime factors of f?
2, 37
Let y(p) = 25*p - 5. Let m be y(1). Let j be (-39)/(m/(-16) - (-4)/16). Suppose -g = -11 - j. List the prime factors of g.
2, 5
Suppose 0 = -2*y - 272 + 284. List the prime factors of (y/8)/(9/1956).
163
Suppose -12748 - 32616 = -44*t. What are the prime factors of t?
1031
Suppose -14*h + 1172293 = 30663. List the prime factors of h.
5, 47, 347
Let k = -44050 + 83754. List the prime factors of k.
2, 7, 709
Let m(n) = 2*n**2 + 2*n - 3. Let b be (-14)/(-3) - ((-28)/12 - -2). Suppose -p - b*p - 36 = 0. List the prime factors of m(p).
3, 19
What are the prime factors of (-31106)/(-18) + (-55)/495 - 5?
1723
Suppose 5*f - 26098 = -4*h, 13050 = 2*h + 31*f - 28*f. List the prime factors of h.
2, 3, 1087
Let g = -8622 + 15656. List the prime factors of g.
2, 3517
Suppose 146*j + 438604 = 2580424. List the prime factors of j.
2, 3, 5, 163
Let s = -28 + 34. Let h be 2 + 2/(-7) + s/21. Suppose -h*o + 82 = z, 4*z - 2*z = -o + 152. List the prime factors of z.
2, 37
Let i = 34350 - 22184. List the prime factors of i.
2, 7, 11, 79
Suppose -4*i + 5*f = -2408, 0*f + 4*f + 602 = i. Let p = i + -360. Let y = 384 - p. What are the prime factors of y?
2, 71
What are the prime factors of (8*(-6170)/200)/((-2)/125)?
5, 617
Suppose 5*k = 4*r - r + 7, -5*r + 1 = -2*k. Let v(h) = -4*h + 4*h**2 - 1 - 9*h**2 + 14 + 12*h**k. List the prime factors of v(4).
109
Let o(z) = 25*z + 44. Let k(p) = -24*p - 45. Let t(q) = 5*k(q) + 4*o(q). What are the prime factors of t(-12)?
191
Let j = 30981 - 13119. What are the prime factors of j?
2, 3, 13, 229
Suppose -3*m - 1 = -m + 3*p, 0 = -p - 5. Suppose -32 = 2*f + 2*j - m*j, -30 = 3*f - 3*j. What are the prime factors of (-1 + 15/(-12))*272/f?
2, 3, 17
Suppose 3*p + 11 = 5*b, 15 = -2*b - 5*p + 38. Suppose 0 = a - 2*c + 3, -4 = b*a + 5*c + 8. What are the prime factors of (4 + a)/((-7)/(-637))?
7, 13
Suppose 592*o - 567134 = 546*o. What are the prime factors of o?
12329
Let n be 4126/(-14) - (-4)/(-14). Suppose 0*j - 65 - 356 = -j. Let a = n + j. What are the prime factors of a?
2, 3, 7
Let t = 176 - -377. Let o = 807 - t. List the prime factors of o.
2, 127
Let v be (-2)/(-6) + 10/6. Suppose 0 = 5*u - 0*a - 2*a, -2*a = 4*u. What are the prime factors of (-1)/((6/159)/(u - v))?
53
Let b = -396 - 358. Let f = 1299 + b. Suppose f = w + 4*w. List the prime factors of w.
109
Let c = -1170 + 1173. Let f(i) be the second derivative of 17*i**3/3 - 9*i**2 - 3*i. What are the prime factors of f(c)?
2, 3, 7
Suppose -2*v = y - 30824, -12*v + y + 60124 + 124792 = 0. What are the prime factors of v?
2, 5, 23, 67
Suppose 8 = -4*k, -k = -2*h - 6*k - 4. Suppose 4*r + 5*l = h*l - 380, -2*r - 202 = -2*l. Let u = -63 - r. List the prime factors of u.
2, 17
Let n = 14 + -16. Let j be ((-6)/5)/((-3)/220) + n. Suppose -3*y + j + 181 = 0. What are the prime factors of y?
89
Suppose 18*p - 14*p - 8 = 0. Suppose 0 = z + p*g - 4 - 1, 4*z + 5*g = 17. Suppose -i + 74 = i + 4*v, z*i - 2*v = 111. What are the prime factors of i?
37
Suppose -4*s - 3*i + 59 = 0, 29 = s - i - 3*i. Suppose 4*b = -2*r - s + 131, 3*r = 4*b + 201. Let w = 82 - r. What are the prime factors of w?
19
Let h = -66 + -8. Let s = 25 - h. Suppose 0 = 5*q - s - 96. List the prime factors of q.
3, 13
Suppose -3*r + 4*r = 3, -5*r = -2*l + 1729. Suppose 0 = 2*f - l - 230. List the prime factors of f.
19, 29
Suppose 0 = -2*k - 3279 + 11595 + 10292. What are the prime factors of k?
2, 1163
Let q(f) = 9*f - 2. Let m be q(2). Suppose m*o - 3041 = 5247. Let a = o + -326. List the prime factors of a.
2, 3
Suppose -4*k + 11*k - 539 = 0. Suppose -h = t - 0*h - 17, -4*t + 5*h = -k. List the prime factors of 2454/t - (-2)/(-6).
2, 17
Let g = 215 + -130. What are the prime factors of (g/25 + (-8)/20)*53?
3, 53
Let w be (2854/(-8))/((-38)/(-152)). Let t = w + 2552. What are the prime factors of t?
3, 5
Let m = 281 + -276. What are the prime factors of m/15 + 2242/6?
2, 11, 17
Suppose 4*a - s - 155036 = 0, 0 = -862*a + 857*a - s + 193777. What are the prime factors of a?
3, 12919
Suppose -2*z + 2*o + 6 + 4 = 0, -3*z = o - 3. Let m(g) = -4*g**2 + 1 - 2 + 8*g**2 + 74*g**3 - 3*g**z + g. List the prime factors of m(1).
3, 5
Suppose 0 = k + 2 - 72. Let v be 430/k + 1/(-7). Suppose 4*q = -v*q + 430. List the prime factors o